be g(3). Calculate the remainder when (1 - -1) + (-2)/2 is divided by ((-3)/6*2)/r.
0
Suppose 0 = -p - 4*c - 18, 11 - 31 = 4*c. Suppose 2*h - 2*k = 22, -3*h + 0*h + 33 = 5*k. Let q = h - p. Calculate the remainder when 25 is divided by q.
7
Let z = 6 + -2. Suppose 9*u = z*u + 125. Calculate the remainder when u is divided by 13.
12
Let k(d) = -2*d + 1. Let q be k(-3). Let t be (-2)/(-3) - (-1)/3. Let u = q + t. What is the remainder when 14 is divided by u?
6
Let b be (-15 - -2)*(-1 + 0). Let r = b + -7. Calculate the remainder when 29 is divided by r.
5
Suppose 5*s - 120 = 5*r, -s + 18 = r - 0*r. Calculate the remainder when 103 is divided by s.
19
Calculate the remainder when 1432/36 - (-4)/18 is divided by 11.
7
Suppose 2*c = -2*i - 2*c + 248, 2*i - 220 = 3*c. Calculate the remainder when i is divided by 9.
8
Suppose 4*i = 2*i + 14. What is the remainder when 46 is divided by i?
4
Suppose 3*t = -2*j - j + 129, -121 = -3*t + j. What is the remainder when t is divided by 21?
20
Let s = 49 + -23. Calculate the remainder when s is divided by 7.
5
Suppose 3*q = 4*a + 15, -5*q - 3*a + 48 = -2*a. Calculate the remainder when 33 is divided by q.
6
Let s(f) = f + 1. Let i be s(-1). Suppose i = -3*w + t + 44, t = -w - 2*t + 18. Calculate the remainder when w is divided by (32/(-12))/(1/(-3)).
7
What is the remainder when 1743/56 + (-3)/24 is divided by 11?
9
Let i = 1 + -1. Suppose -5*g + 5 = i, a - g - 4 = 1. What is the remainder when (-2)/(-6) + 376/24 is divided by a?
4
Let r(c) = 3 - 1 + c + 4. Let g = -25 - -22. Calculate the remainder when 8 is divided by r(g).
2
What is the remainder when 43 is divided by 40/(-140) - 326/(-14)?
20
Suppose p = 6*p - 135. Let d(b) = b + 2. Calculate the remainder when p is divided by d(5).
6
Let r = 6 - -46. Calculate the remainder when r is divided by 19.
14
Let i(k) = k**2 + 8*k + 9. Let d be i(-8). Suppose -d = 4*z - 5*z. What is the remainder when (-688)/(-18) + (-2)/z is divided by 13?
12
Let y(a) = a + 44. What is the remainder when y(0) is divided by 24?
20
Let k = -1 + 1. Suppose k = h - 5*v + 19, 0 = -5*h + v + 1. Let d(f) = -f**2 + 7*f + 1. Calculate the remainder when d(7) is divided by h.
0
Let r = -51 + 101. Calculate the remainder when r is divided by 13.
11
Suppose -2*p + 6*p = 0. Suppose 0 = -5*r + 10 - p. Suppose -5*g = -8 - 12. Calculate the remainder when g is divided by r.
0
Suppose 0*p = 3*p + 21. Let v(c) = c**2 - 16. Calculate the remainder when 131 is divided by v(p).
32
Let j be 1120/15 + (-1)/(-3). Suppose j = 7*n - 2*n. What is the remainder when 28 is divided by n?
13
Calculate the remainder when (16/(-5))/(6/(-105)) is divided by 15.
11
Suppose -d + 3*d = -280. What is the remainder when 22 is divided by d/(-12) + 1/3?
10
Let k = 121 + -104. What is the remainder when k is divided by 6?
5
Suppose -23 = -2*z - 9. Let i(x) = -7*x - 1. Calculate the remainder when i(-2) is divided by z.
6
Suppose -33 = m - 2*m. Suppose -j = 3*r - 11, -2*r + 9 = 2*j - j. Suppose -2*u + j*b = -0*u - m, u + 4*b = -16. What is the remainder when 6 is divided by u?
2
Suppose k + 3*i + 10 = 0, 3*i - 11 = 6*k - 4*k. Let b = 20 + k. Calculate the remainder when 37 is divided by b.
11
Suppose 8*w = 3*w. Let k(y) = y**2 + 64. Calculate the remainder when k(w) is divided by 22.
20
Let k(r) = 2*r - 15. Suppose 3*p + 4 = 5*c - 24, 11 = 3*c + 4*p. Let t(u) = u**2 - 3*u - 4. Calculate the remainder when k(13) is divided by t(c).
5
Suppose -10*q = -7*q - 51. Calculate the remainder when 65 is divided by q.
14
Let z(c) = -c**2 - 11*c + 2. Let v be z(-5). Let g be 1/(-3) - v/(-6). What is the remainder when 22 is divided by (-4)/(-2) - -2*g?
10
Let o(g) = g**2 - g - 3. What is the remainder when 48 is divided by o(-4)?
14
Let r(t) = -t**2 + 7*t - 2. Suppose -x = -2*u + 14, x = -3*u - 3*x + 10. Let v(p) = p**2 - p + 1. Calculate the remainder when r(u) is divided by v(2).
1
Suppose -4*k - p + 0*p + 183 = 0, -2*k + 5*p + 119 = 0. Calculate the remainder when 233 is divided by k.
45
Let j(u) = u**3 - u**2 - 5*u + 3. Let p = 90 + -82. Calculate the remainder when j(4) is divided by p.
7
Let m(c) = c. Let j be m(5). Suppose j*g = 0, -7*g - 24 = -3*p - 3*g. What is the remainder when 31 is divided by p?
7
Suppose -5*k = -5*f + 40, -f + 3*k = -0 + 2. Calculate the remainder when f is divided by 7.
6
Suppose -3*p + 244 = h, -2*p + 2*h + 392 = 3*p. Suppose 0 = -3*k - 2*k + p. Let x = 7 - -24. Calculate the remainder when x is divided by k.
15
Let a(h) = 2*h**3. Let s be a(1). Calculate the remainder when 55 is divided by s - (-6)/(-3)*-6.
13
Let f(u) = u**3 + 6*u**2 + 3*u - 1. Let n = 27 + -42. Let r = -10 - n. Calculate the remainder when f(-5) is divided by r.
4
Suppose 0 = -29*a + 34*a - 195. What is the remainder when a is divided by 10?
9
Let q(a) = a**2 + 2*a - 5. Let g be q(-4). Let y = g + 4. What is the remainder when y is divided by (-2)/((-27)/6 + 4)?
3
Let z(d) = -d**3 - 5*d**2 - 5*d + 3. Let b = 21 + 4. What is the remainder when b is divided by z(-4)?
4
Suppose 4*t - 65 = -0*t - 5*y, 0 = -4*t + y + 83. Suppose q - t = -3*q. What is the remainder when 7 is divided by q?
2
Suppose 5 = -4*y - 9*h + 4*h, -2*h = 2*y. Suppose 18 + 22 = y*q. Suppose 10 = 2*p + 5*u - 8, p - 4*u = 22. What is the remainder when p is divided by q?
6
Let h(d) = 5*d - 1. Let m be h(10). Suppose -62 = 5*f - 3*k, -6*f + 3*k - m = -2*f. Let c = 19 + f. What is the remainder when 21 is divided by c?
3
Suppose 10*h - 5*h = 205. What is the remainder when h is divided by 22?
19
Let w = -22 + 13. Let g = w + 22. Calculate the remainder when g is divided by 5.
3
Suppose -n + z = -z - 18, 3*n + 5*z = 21. Calculate the remainder when 46 is divided by n.
10
Suppose -3*a - 79 = 3*t - 5*t, t - 3*a = 41. What is the remainder when t is divided by 13?
12
Let z = 49 - -18. Calculate the remainder when z is divided by 23.
21
Let d = -20 + 26. What is the remainder when 16 is divided by d?
4
Let y(u) = -5*u**3 - u**2 + 1. Suppose -1 - 4 = 5*t. What is the remainder when 9 is divided by y(t)?
4
Calculate the remainder when (-4266)/(-30) - (-2)/(-10) is divided by 6.
4
Suppose 4*a - 80 = -a - 5*m, 2*a - 5*m = 53. Suppose 11 + a = 5*j. Let i = -5 + 9. What is the remainder when j is divided by i?
2
Let q = -10 + 4. Let b(f) be the second derivative of -f**3/2 - f**2 + 27*f - 1. What is the remainder when 30 is divided by b(q)?
14
Let o = 0 + 9. Let n(y) = 2*y - 1. What is the remainder when o is divided by n(3)?
4
Suppose 0*c = c + 2*s - 69, -316 = -4*c + 2*s. What is the remainder when c is divided by 20?
17
Let n(k) = k - 3 + 2*k - 2*k**3 + 0*k - 2*k**2. Suppose 8 = -7*t - 13. Calculate the remainder when n(t) is divided by 13.
11
Suppose 5*b = -u + 48 + 12, 4*b - 5*u = 77. Let v(n) = -n**3 - n**2 - n - 2. What is the remainder when b is divided by v(-2)?
1
Suppose 0 = -8*k + 49 + 63. What is the remainder when 54 is divided by k?
12
Let l(m) = m**2 - 9*m + 6. Let v(j) = -3*j**2 + 28*j - 17. Let i(b) = 7*l(b) + 2*v(b). Calculate the remainder when 3 is divided by i(6).
1
Suppose -2*t + 1 = -9. Suppose 3*v - 3*y + 2*y - 49 = 0, 0 = 2*v + t*y - 44. Calculate the remainder when 47 is divided by v.
13
Suppose 5*x = -4*h + 190, -2*x + 53 = -0*x - 3*h. What is the remainder when x is divided by 12?
10
Let o = -9 + 12. Calculate the remainder when 9 is divided by o.
0
Let t(r) = -r**2 - 9*r + 2. Let d = -22 - -18. What is the remainder when 1*-2*43/(-2) is divided by t(d)?
21
Let q = 58 - 24. Let z = -27 + 39. Calculate the remainder when (-1)/(33/q - 1) is divided by z.
10
Let b(v) = -12*v - 4. Let f be b(-3). Suppose 0 = 4*n + 2*w + f, 4 = w - 3*w. Calculate the remainder when 170/7 - (-2)/n is divided by 13.
11
Let z(h) = -2*h + 1. Let i be z(-2). Suppose 2*r + 0*r - 34 = -4*x, i*r + 3*x = 92. Suppose 2*o = o + r. What is the remainder when 56 is divided by o?
18
Suppose -5*t + 4*k = -12 - 25, 2*t + k = 20. Calculate the remainder when t is divided by 9.
0
Suppose 3*d = -2*k + d - 30, k - 4*d = -35. Let b = -11 - k. What is the remainder when 13 is divided by b?
5
Let p(k) = 2*k**3 + 7*k**2 - 3*k - 14. Let t(x) = x**3 + 4*x**2 - 2*x - 7. Let o(g) = -4*p(g) + 9*t(g). Calculate the remainder when o(-8) is divided by 14.
13
Let k = 77 + -67. Calculate the remainde